23?
241
Calculate the greatest common factor of 245272 and 15203.
23
What is the highest common factor of 823466903 and 98?
49
Calculate the highest common divisor of 27790294 and 266.
14
Calculate the greatest common divisor of 626 and 6887565.
313
What is the greatest common divisor of 1895299 and 8687?
511
What is the highest common divisor of 4030 and 55677674?
806
What is the highest common divisor of 341 and 62412083?
31
What is the greatest common factor of 277411211 and 77?
77
What is the greatest common factor of 1 and 16669997?
1
What is the highest common factor of 6457210 and 2559?
853
Calculate the highest common divisor of 4488811 and 12368.
773
What is the highest common divisor of 98 and 5659572422?
98
Calculate the highest common divisor of 5773 and 4259219.
251
Calculate the highest common divisor of 828 and 65309328.
828
What is the highest common divisor of 266368 and 1280?
128
Calculate the highest common factor of 8244 and 150408.
36
Calculate the highest common divisor of 12454776 and 39744.
4968
What is the greatest common factor of 2478056 and 38437?
2261
Calculate the highest common factor of 2944 and 1100734.
46
Calculate the highest common factor of 6543927706 and 218.
218
What is the highest common factor of 585188216 and 24?
8
Calculate the greatest common divisor of 11166029 and 343.
7
What is the highest common divisor of 4747 and 691981?
47
What is the greatest common divisor of 3162 and 3212778?
186
Calculate the highest common divisor of 2738268 and 270.
18
Calculate the greatest common factor of 3971 and 7912113.
209
What is the greatest common divisor of 2115189 and 24034?
197
What is the greatest common divisor of 517824 and 4096960?
1984
Calculate the greatest common factor of 7506397 and 1.
1
Calculate the highest common factor of 50506 and 46.
2
What is the greatest common divisor of 976990 and 1179885?
595
Calculate the highest common factor of 3530 and 43066.
706
What is the greatest common factor of 2209 and 2567422?
47
What is the greatest common factor of 21440 and 1839360?
320
Calculate the greatest common factor of 3884964 and 516.
516
What is the greatest common factor of 795 and 8264290?
265
What is the highest common factor of 34548255 and 3?
3
Calculate the greatest common divisor of 726 and 14675142.
6
Calculate the highest common divisor of 8464 and 63526.
46
What is the greatest common factor of 19 and 15258406?
19
What is the greatest common divisor of 944 and 15762558?
118
Calculate the highest common divisor of 1440 and 26753940.
180
Calculate the greatest common divisor of 45 and 6213345.
15
What is the greatest common divisor of 14934 and 399681?
393
What is the highest common factor of 568678788 and 90?
18
Calculate the highest common divisor of 4935 and 33285.
105
Calculate the highest common divisor of 746576 and 6032.
464
What is the highest common factor of 6265 and 73583141?
179
What is the greatest common factor of 26785 and 9845?
55
Calculate the highest common factor of 65534 and 28.
14
Calculate the greatest common divisor of 14492449 and 9656.
1207
Calculate the highest common factor of 28804 and 57229.
379
What is the highest common factor of 91600 and 78321664?
3664
Calculate the highest common factor of 80 and 300676580.
20
Calculate the highest common divisor of 197380 and 1303820.
2780
What is the highest common factor of 36458836 and 12?
4
What is the highest common factor of 2518788 and 1428?
204
What is the highest common factor of 20289052 and 140?
28
What is the highest common factor of 156 and 3337932?
156
What is the greatest common divisor of 8880 and 191472?
48
What is the greatest common factor of 3407 and 166605707?
3407
What is the greatest common factor of 83432 and 3480?
8
What is the highest common divisor of 570233234 and 71?
71
What is the greatest common factor of 423171587 and 1?
1
What is the greatest common factor of 229827 and 113793?
249
What is the highest common factor of 2051756 and 518?
14
Calculate the highest common divisor of 785552 and 38048.
464
What is the greatest common divisor of 41014600 and 135388?
7964
What is the greatest common factor of 2580 and 14765211?
129
Calculate the highest common factor of 71567533 and 6189.
2063
What is the greatest common divisor of 2813 and 862912?
97
What is the highest common divisor of 66 and 2075718?
6
Calculate the greatest common divisor of 12 and 4733814.
6
Calculate the highest common factor of 264 and 13701171.
33
Calculate the highest common factor of 389089260 and 20.
20
What is the greatest common factor of 4692 and 25789187?
391
What is the greatest common factor of 999047 and 861?
287
What is the highest common factor of 2223 and 4905344?
19
What is the highest common divisor of 55461 and 94103?
139
What is the greatest common divisor of 17615851 and 11?
11
Calculate the highest common divisor of 519017 and 2987.
103
What is the greatest common factor of 1174652 and 589?
31
Calculate the greatest common factor of 787 and 175347535.
787
Calculate the greatest common divisor of 272 and 707268.
68
Calculate the greatest common factor of 1973421 and 31320.
261
Calculate the highest common factor of 7 and 51366833.
7
What is the highest common divisor of 5585921 and 5115?
341
What is the greatest common factor of 1192504903 and 652?
163
Calculate the greatest common factor of 764 and 1098250.
382
What is the greatest common divisor of 121307 and 18830976?
2581
What is the greatest common divisor of 2683 and 392359237?
2683
Calculate the greatest common factor of 10558175 and 2175.
725
Calculate the highest common factor of 211670 and 395.
5
Calculate the highest common factor of 417228 and 338100.
84
What is the highest common factor of 549 and 211625409?
183
Calculate the greatest common factor of 5376 and 41076.
84
What is the highest common divisor of 163361190 and 16920?
1410
Calculate the highest common factor of 37560366 and 126.
18
Calculate the greatest common factor of 91583964 and 569.
569
What is the greatest common factor of 389438 and 11018?
14
Calculate the greatest common factor of 91319192 and 14704.
7352
Calculate the greatest common divisor of 1796 and 10920578.
898
Calculate the greatest common divisor of 133123914 and 126.
126
Calculate the greatest common divisor of 456205 and 62215.
115
What is the greatest common divisor of 930 and 4052100?
30
Calculate the greatest common factor of 512 and 10420992.
256
Calculate the greatest common factor of 60816 and 510420.
2172
What is the greatest common divisor of 1090 and 56135?
545
What is the greatest common divisor of 629 and 153991?
1
What is the highest common divisor of 114801 and 115362?
51
What is the highest common divisor of 52305 and 213015?
165
What is the highest common divisor of 301350764 and 66?
22
Calculate the highest common factor of 175398 and 41158638.
4278
Calculate the highest common factor of 11529 and 25064229.
183
What is the greatest common factor of 38540070 and 135?
135
Calculate the highest common divisor of 10654839 and 240084.
2223
What is the highest common divisor of 21705905 and 130?
65
What is the greatest common factor of 21632 and 5967728?
2704
What is the greatest common factor of 82 and 6581853?
41
What is the greatest common divisor of 193552 and 160?
16
What is the highest common factor of 24772 and 21753194?
1126
What is the greatest common divisor of 2595327 and 251573?
581
Calculate the highest common divisor of 13392 and 13014.
54
What is the greatest common divisor of 177018 and 2535954?
978
Calculate the greatest common divisor of 63668 and 576554.
22
What is the greatest common factor of 631 and 3060163855?
631
What is the greatest common divisor of 1620 and 30112884?
324
Calculate the greatest common divisor of 4296 and 80268612.
2148
Calculate the highest common factor of 1417117 and 24187.
67
Calculate the highest common divisor of 11526157 and 7.
1
What is the greatest common factor of 1006 and 13337?
1
What is the highest common factor of 238588398 and 72?
18
Calculate the highest common divisor of 11043309 and 615.
123
What is the highest common divisor of 14906768 and 1159612?
8852
Calculate the greatest common factor of 24240058 and 1098.
122
What is the greatest com